v. What is the highest common divisor of w and 3?
3
Suppose 184*p - 108 = 180*p. What is the greatest common factor of 81 and p?
27
Let r be (((-56)/(-12))/7)/((-2)/(-99)). What is the highest common divisor of 44 and r?
11
Let f(b) = -b**3 + 5*b**2 + 5*b + 2. Let u be f(6). Let c be (u/6)/(1/(-3)). Let o be 1/1*2 + 14. What is the greatest common divisor of c and o?
2
Let j(d) = -59*d + 418. Let b be j(7). What is the highest common factor of b and 55?
5
Suppose -5*d + 5*h = -25, 3*h + 18 = 2*d + 2*d. Suppose 544 = 12*z + 436. What is the greatest common divisor of z and d?
3
Let d(x) = 110*x**2 - 9*x - 1. Let m be d(1). What is the greatest common divisor of m and 25?
25
Suppose 530*u + 190 = 540*u. What is the greatest common divisor of 2508 and u?
19
Suppose -4*t - 15 + 59 = 0. Suppose y = 2*m - 224, 2*y - 3*y = 2*m - 216. Calculate the highest common factor of t and m.
11
Let u be (1 - (-160)/8) + -7. Calculate the highest common divisor of 7 and u.
7
Let x = -72 - -147. Calculate the highest common factor of x and 175.
25
Let j = -2 - -6. Let r = -2 + 12. Let b = r + 34. Calculate the highest common divisor of j and b.
4
Let z = 1 - -2. Suppose 0 = -2*x - z*x - 5*p - 80, -4*p + 24 = -4*x. Let j = x - -102. Calculate the greatest common factor of 13 and j.
13
Let m be (-5 + 1*-1)*-5. Let g = 176 - 84. Suppose -5*t = -4*y - 108, -4*y + g = 2*t + 3*t. What is the highest common factor of t and m?
10
Let p(z) = -z**3 - 25*z**2 + 49*z + 51. Let c be p(-27). What is the highest common divisor of 279 and c?
93
Let c(f) = f + 5. Let x be c(6). Suppose 5*k + 5 = 20. Let t be 2/(124/(-44) + k). What is the highest common factor of x and t?
11
Let f be (-2)/(-2) - ((0 - 1) + 1). Calculate the highest common divisor of 2 and f.
1
Let v(b) = b**2 + 4*b + 5. Let h be v(-4). Let y be -4 - -4*9/6. Suppose y*x = x + 55. What is the highest common divisor of h and x?
5
Let h(r) = 2*r**3 - 6*r**2 - 4*r - 2. Let c be h(5). Let u(z) = 6*z**2 + 49*z - 96. Let g be u(2). Calculate the greatest common factor of g and c.
26
Let n = 568 - 280. Suppose 0*y + n = 9*y. Calculate the greatest common divisor of y and 32.
32
Suppose 5*a - 20 + 10 = 0. Suppose -a*u = 4*u - 24. Suppose 0 = -u*k + 8 - 4. What is the greatest common factor of 9 and k?
1
Suppose a + 21 = 4*k - 1, 0 = -4*a + 2*k - 32. Let p be (-90)/(a/3) - 0. What is the highest common factor of p and 360?
45
Suppose 112*m + 255 = 117*m. Suppose -2*h = -179 + m. Calculate the greatest common divisor of 8 and h.
8
Suppose -1704 = -4*y - 108. Calculate the highest common divisor of 42 and y.
21
Suppose -g = 3*t + 11, -5*g = -2*t - 0*g + 21. Let l(j) = -j**2 - 4*j + 2. Let x be l(t). What is the greatest common divisor of 24 and x?
6
Suppose 168 + 240 = 17*j. What is the highest common factor of j and 312?
24
Let g = -502 + 831. Let c = g + -164. Calculate the highest common divisor of 66 and c.
33
Let h be (2/3)/(12/774). Let p = h - 32. Let y be (-11)/3*(-12)/1. Calculate the highest common factor of p and y.
11
Let f = 1088 + -234. What is the greatest common factor of f and 14?
14
Let d be 33/(-1)*6/18. Let r = 40 + -20. Let m = d + r. What is the greatest common factor of m and 18?
9
Let w be (1*1/(-3))/(23/(-8418)). What is the highest common factor of w and 61?
61
Suppose 0 = v + x - 6 - 5, 80 = 4*v - 5*x. Calculate the highest common factor of 6 and v.
3
Suppose -26*t + 8*t + 486 = 0. Let s(l) = -l**2 - 13*l - 19. Let r be s(-11). What is the greatest common factor of t and r?
3
Suppose 13*u + 114 = 12*u. Let w(p) = 33*p + 5. Let x be w(5). Let a = u + x. Calculate the greatest common factor of 7 and a.
7
Let m be (-2)/2*-7 + 44/(-11). What is the greatest common factor of m and 39?
3
Let l(y) = 13 - 11*y + 17 + 3*y**2 + y**3 + 5*y**2. Let z be l(-9). Calculate the highest common factor of z and 4.
4
Let w be 4 - (-8)/(-12)*6. Suppose 0 = -w*o + 2*o - 50. Calculate the greatest common divisor of 5 and o.
5
Suppose -4*x = -7*m + 4*m - 48, -2*m - 52 = -4*x. Let h = 122 + -2. Calculate the greatest common factor of h and x.
15
Let j(n) = 13*n**2 - 14*n + 12. Let r be j(4). What is the highest common divisor of 410 and r?
82
Let t(w) = w + 10. Let b be t(-8). Suppose 4*p - 100 = 2*i, b*p = -2*i + 4*i + 50. What is the highest common factor of 200 and p?
25
Suppose 4*i - 270 = -4*w + 214, w - 125 = i. Calculate the greatest common divisor of 164 and w.
41
Let b(z) = -z**2 + 422. Let v be b(20). What is the highest common divisor of 594 and v?
22
Suppose -17*q + 761 = 47. What is the highest common divisor of q and 14?
14
Suppose -3*h - 17 = -4*r, -4*h - 4 = r + 6. Suppose f + 45 = r*f. Let d be 61/2 + 2/(-4). What is the greatest common factor of d and f?
15
Let z(d) = d**2 - 11*d + 29. Let c be z(8). Suppose 156 = -4*k + c*k. Calculate the highest common factor of 12 and k.
12
Suppose 0 = -21*a + 18*a + 210. Let t = 23 - 3. Calculate the highest common factor of t and a.
10
Suppose -5*n = -4*a - 8*n + 8, -a + 21 = -4*n. Suppose -2 = -4*x + a*x. Let y be 6/(4 - (-5)/x). What is the greatest common divisor of y and 4?
4
Suppose 16*p - 14*p - 270 = 0. Calculate the highest common divisor of p and 15.
15
Let r = 24 + 3. Let h = r - 8. What is the highest common factor of h and 152?
19
Let p(u) = -21*u**3 + 2*u**2 + 5*u + 2. Let x be p(3). Let y be (-2)/11 - x/22. What is the greatest common factor of 3 and y?
3
Let y = 0 - -22. Let d = -54 + y. Let q = 39 + d. What is the highest common factor of q and 7?
7
Suppose -2*c + 330 - 76 = 2*m, 2*c - 255 = -m. Suppose d + 23 = 15. Let k = c - d. Calculate the highest common divisor of k and 17.
17
Suppose -i + 2 = a - 2*i, 12 = 3*i. Let t = -36 + 51. Calculate the greatest common factor of t and a.
3
Let j = 86 + -48. Let d = j + -20. Suppose -3*m = 5*z - 4*z - 204, 986 = 5*z - 2*m. What is the greatest common factor of d and z?
18
Suppose -w + 2957 = 4*q, 5*w + 145 = 130. What is the greatest common factor of 20 and q?
20
Let b be ((-95)/(-10))/((-2)/(-12)). Let o = b + -25. What is the highest common divisor of 4 and o?
4
Suppose h + 4*h = -5*p + 515, 2*h + 3*p = 211. What is the greatest common factor of h and 539?
49
Let d = 4 - -60. Calculate the greatest common factor of d and 8.
8
Suppose -862*s = -868*s + 66. What is the highest common factor of 143 and s?
11
Let p(u) = 32*u**3 + 6*u**2 + 16*u + 2. Let i be p(-2). Let c be ((-10)/(-3))/(2/(-258)). Let v = i - c. What is the greatest common divisor of v and 21?
21
Suppose 3*c = -5*x + 3, -x + 2*x = 0. Suppose c = j - 4. Suppose 3*z = -5*d + 2*z + 166, j*d = -3*z + 168. What is the highest common factor of 165 and d?
33
Let m be 3 + 21/4 - 11/44. What is the highest common factor of m and 1232?
8
Let k = 1341 - 1339. Calculate the highest common factor of k and 103.
1
Suppose -3*s = 5*n + 11 - 1, 2*s + 11 = n. Let l be s/(-1) + -3 + -1. Let y be -2 + 4 - 0/(-1). What is the greatest common divisor of l and y?
1
Let l(s) = -65*s - 80. Let o be l(-2). What is the highest common divisor of 1600 and o?
50
Let q = 78 - 72. Suppose i = 4*a + 5, -5*i - 2*a + q + 19 = 0. What is the greatest common factor of 5 and i?
5
Let y be (-21 + 14)*(-96)/14. Suppose -27*w = -11*w - 96. What is the highest common factor of y and w?
6
Let t(u) = 84*u - 1. Let z be t(1). Let b = 21 + z. Calculate the highest common factor of 8 and b.
8
Suppose -2*r + 2*m = -3*r + 11, -2*r = -m - 37. What is the highest common divisor of 544 and r?
17
Let h be (-9)/(-5) + (-1)/(-5). Suppose 4*n + 5*b - 351 - 8 = 0, 3*n - 275 = h*b. Calculate the greatest common divisor of n and 13.
13
Suppose -4*u - 64 = -4*y, u - 28 = -3*y - 0*u. Let n = 871 - 612. Let x = n + -182. What is the greatest common divisor of y and x?
11
Let k be 9/(-6) + 81/6. Suppose 0 = -2*b - 3*m - k, -4*m + 6*m + 8 = b. Suppose b*n = 3*n - 57. Calculate the highest common factor of n and 76.
19
Let p(f) = -21*f - 2. Let x(i) = -10*i - 1. Let c(l) = 3*p(l) - 7*x(l). Let s be c(-1). Let y = s + 11. What is the highest common factor of 10 and y?
5
Let f(c) = c**2 - 3*c + 2. Let j be f(-4). Suppose 39 = 2*w - 4*q + q, 0 = -2*w - 3*q + 21. What is the greatest common factor of w and j?
15
Suppose 0 = 4*s - 2*s + 50. Let c = -9 - s. Calculate the highest common divisor of c and 176.